{"id":96,"date":"2023-01-07T21:07:16","date_gmt":"2023-01-07T20:07:16","guid":{"rendered":"https:\/\/teamprofessional.pl\/teamprofessional\/?page_id=96"},"modified":"2023-10-12T19:16:02","modified_gmt":"2023-10-12T18:16:02","slug":"usluga-sprzatania-i-utylizacji-c","status":"publish","type":"page","link":"https:\/\/teamprofessional.pl\/teamprofessional\/?page_id=96","title":{"rendered":"US\u0141UGA SPRZ\u0104TANIA I UTYLIZACJI"},"content":{"rendered":"\n<figure class=\"wp-block-table is-style-stripes has-medium-font-size\"><table style=\"border-width:4px\"><thead><tr><th><strong>NUMER US\u0141UGI<\/strong><\/th><th><strong>NUMER US\u0141UGI<\/strong><\/th><th><strong>JEDNOSTKA<\/strong><\/th><th><strong><strong>CENA<\/strong><\/strong><\/th><\/tr><\/thead><tbody><tr><td><strong>Monta\u017c 13,1<\/strong><\/td><td><strong>Odbi\u00f3r i wyw\u00f3z zu\u017cytego wyposa\u017cenia domowego&nbsp;<\/strong><\/td><td><strong>Indywidualna wycena<\/strong><\/td><td><strong>Indywidualna wycena<\/strong><\/td><\/tr><tr><td>Monta\u017c 13,2<\/td><td>Naro\u017cnik , wypoczynek&nbsp;<\/td><td>Sztuka<\/td><td>200,00 z\u0142<\/td><\/tr><tr><td>Monta\u017c 13,3<\/td><td>\u0141\u00f3zko , sofa&nbsp;<\/td><td>Sztuka<\/td><td>150,00 z\u0142<\/td><\/tr><tr><td>Monta\u017c 13,4<\/td><td>Fotel&nbsp;<\/td><td>Sztuka<\/td><td>50,00 z\u0142<\/td><\/tr><tr><td>Monta\u017c 13,5<\/td><td>Szafa ma\u0142a&nbsp;<\/td><td>Sztuka<\/td><td>100,00 z\u0142<\/td><\/tr><tr><td>Monta\u017c 13,6<\/td><td>Szafa du\u017ca&nbsp;<\/td><td>Sztuka<\/td><td>120,00 z\u0142<\/td><\/tr><tr><td>Monta\u017c 13,7<\/td><td>Meblo\u015bcianka ma\u0142a&nbsp;<\/td><td>Sztuka<\/td><td>300,00 z\u0142<\/td><\/tr><tr><td>Monta\u017c 13,8<\/td><td>Meblo\u015bcianka du\u017ca&nbsp;<\/td><td>Sztuka<\/td><td>400,00 z\u0142<\/td><\/tr><tr><td>Monta\u017c 13,9<\/td><td>Meble kuchenne ma\u0142e&nbsp;<\/td><td>Sztuka<\/td><td>300,00 z\u0142<\/td><\/tr><tr><td>Monta\u017c 13,10<\/td><td>Meble kuchenne du\u017ca&nbsp;<\/td><td>Sztuka<\/td><td>400,00 z\u0142<\/td><\/tr><tr><td>Monta\u017c 13,11<\/td><td>St\u00f3\u0142 , \u0142awa<\/td><td>Sztuka<\/td><td>30,00 z\u0142<\/td><\/tr><tr><td>Monta\u017c 13,12<\/td><td>Krzes\u0142o , stolik , szafka<\/td><td>Sztuka<\/td><td>15,00 z\u0142<\/td><\/tr><tr><td>Monta\u017c 13,13<\/td><td>Worek z zawarto\u015bci\u0105&nbsp;<\/td><td>Sztuka<\/td><td>15,00 z\u0142<\/td><\/tr><tr><td>Monta\u017c 13,14<\/td><td>Pude\u0142ko z zawarto\u015bci\u0105<\/td><td>Sztuka<\/td><td>15,00 z\u0142<\/td><\/tr><tr><td><strong>Monta\u017c 13,15<\/strong><\/td><td><strong>Odbi\u00f3r i wyw\u00f3z zu\u017cytego AGD i RTV&nbsp;<\/strong><\/td><td><strong>Indywidualna wycena<\/strong><\/td><td><strong>Indywidualna wycena<\/strong><\/td><\/tr><tr><td>Monta\u017c 13,16<\/td><td>Drobny sprz\u0119t AGD ( elektronarz\u0119dzia , ekspres do kawy )&nbsp;<\/td><td>Sztuka<\/td><td>15,00 z\u0142<\/td><\/tr><tr><td>Monta\u017c 13,17<\/td><td>Ma\u0142y sprz\u0119t AGD ( okap , mikrofal\u00f3wka , drukarka )&nbsp;<\/td><td>Sztuka<\/td><td>40,00 z\u0142<\/td><\/tr><tr><td>Monta\u017c 13,18<\/td><td>\u015aredni sprz\u0119t AGD ( pralka , kuchenka , lod\u00f3wka )&nbsp;<\/td><td>Sztuka<\/td><td>80,00 z\u0142<\/td><\/tr><tr><td>Monta\u017c 13,19<\/td><td>Du\u017cy sprz\u0119t AGD ( lod\u00f3wka powy\u017cej 150 cm )&nbsp;<\/td><td>Sztuka<\/td><td>100,00 z\u0142<\/td><\/tr><tr><td>Monta\u017c 13,20<\/td><td>Ma\u0142y sprz\u0119t RTV ( telewizor , radio )&nbsp;<\/td><td>Sztuka<\/td><td>50,00 z\u0142<\/td><\/tr><tr><td>Monta\u017c 13,21<\/td><td>Du\u017cy sprz\u0119t RTV ( telewizor powy\u017cej 32 cale )&nbsp;<\/td><td>Sztuka<\/td><td>70,00 z\u0142<\/td><\/tr><tr><td><strong>Monta\u017c 13,22<\/strong><\/td><td><strong>Opr\u00f3\u017cnianie Oczyszczanie Likwidacja&nbsp;Sprz\u0105tanie mieszka\u0144&nbsp;<\/strong><\/td><td><strong>Indywidualna wycena<\/strong><\/td><td><strong>Indywidualna wycena<\/strong><\/td><\/tr><tr><td>Monta\u017c 13,23<\/td><td>Mieszkanie ( 1 pokojowe + + kuchnia + \u0142azienka )&nbsp;<\/td><td>Sztuka<\/td><td>1 200,00 z\u0142<\/td><\/tr><tr><td>Monta\u017c 13,24<\/td><td>Mieszkanie ( 2 pokojowe + kuchnia + \u0142azienka )<\/td><td>Sztuka<\/td><td>1 700,00 z\u0142<\/td><\/tr><tr><td>Monta\u017c 13,25<\/td><td>Mieszkanie ( 3 pokojowe + kuchnia + \u0142azienka )&nbsp;<\/td><td>Sztuka<\/td><td>2 200,00 z\u0142<\/td><\/tr><tr><td>Monta\u017c 13,26<\/td><td>Mieszkanie ( 4 pokojowe + kuchnia + \u0142azienka )&nbsp;<\/td><td>Sztuka<\/td><td>2 700,00 z\u0142<\/td><\/tr><tr><td><strong>Monta\u017c 13,27<\/strong><\/td><td><strong>Opr\u00f3\u017cnianie Oczyszczanie Likwidacja&nbsp;Sprz\u0105tanie dom\u00f3w&nbsp;<\/strong><\/td><td><strong>Indywidualna wycena<\/strong><\/td><td><strong>Indywidualna wycena<\/strong><\/td><\/tr><tr><td>Monta\u017c 13,28<\/td><td>Dom ( 2 pokoje + kuchnia + \u0142azienka )<\/td><td>Sztuka<\/td><td>1 700,00 z\u0142<\/td><\/tr><tr><td>Monta\u017c 13,29<\/td><td>Dom ( 3 pokoje + kuchnia + \u0142azienka )<\/td><td>Sztuka<\/td><td>2 200,00 z\u0142<\/td><\/tr><tr><td>Monta\u017c 13,30<\/td><td>Dom ( 4 pokoje + kuchnia + \u0142azienka )<\/td><td>Sztuka<\/td><td>2 700,00 z\u0142<\/td><\/tr><tr><td>Monta\u017c 13,31<\/td><td>Dom ( 5 pokoji + kuchnia + 2 \u0142azienki )&nbsp;<\/td><td>Sztuka<\/td><td>3 200,00 z\u0142<\/td><\/tr><tr><td>Monta\u017c 13,32<\/td><td>Dom ( 6 pokoji + kuchnia + 2 \u0142azienki )<\/td><td>Sztuka<\/td><td>3 700,00 z\u0142<\/td><\/tr><tr><td><strong>Monta\u017c 13,33<\/strong><\/td><td><strong>Opr\u00f3\u017cnianie Oczyszczanie Likwidacja&nbsp;Sprz\u0105tanie piwnic<\/strong><\/td><td><strong>Indywidualna wycena<\/strong><\/td><td><strong>Indywidualna wycena<\/strong><\/td><\/tr><tr><td>Monta\u017c 13,34<\/td><td>Piwnica ma\u0142a w bloku&nbsp;<\/td><td>Sztuka<\/td><td>300,00 z\u0142<\/td><\/tr><tr><td>Monta\u017c 13,35<\/td><td>Piwnica du\u017ca w bloku&nbsp;<\/td><td>Sztuka<\/td><td>400,00 z\u0142<\/td><\/tr><tr><td>Monta\u017c 13,36<\/td><td>Piwnica ma\u0142a w domu&nbsp;<\/td><td>Sztuka<\/td><td>500,00 z\u0142<\/td><\/tr><tr><td>Monta\u017c 13,37<\/td><td>Piwnica \u015brednia w domu&nbsp;<\/td><td>Sztuka<\/td><td>600,00 z\u0142<\/td><\/tr><tr><td>Monta\u017c 13,38<\/td><td>Piwnica du\u017ca w domu&nbsp;<\/td><td>Sztuka<\/td><td>700,00 z\u0142<\/td><\/tr><tr><td><strong>Monta\u017c 13,39<\/strong><\/td><td><strong>Opr\u00f3\u017cnianie Oczyszczanie Likwidacja&nbsp;Sprz\u0105tanie strych\u00f3w<\/strong><\/td><td><strong>Indywidualna wycena<\/strong><\/td><td><strong>Indywidualna wycena<\/strong><\/td><\/tr><tr><td>Monta\u017c 13,40<\/td><td>Strych ma\u0142a w domu&nbsp;<\/td><td>Sztuka<\/td><td>500,00 z\u0142<\/td><\/tr><tr><td>Monta\u017c 13,41<\/td><td>Strych \u015brednia w domu&nbsp;<\/td><td>Sztuka<\/td><td>600,00 z\u0142<\/td><\/tr><tr><td>Monta\u017c 13,42<\/td><td>Strych du\u017ca w domu&nbsp;<\/td><td>Sztuka<\/td><td>700,00 z\u0142<\/td><\/tr><tr><td><strong>Monta\u017c 13,43<\/strong><\/td><td><strong>Opr\u00f3\u017cnianie Oczyszczanie Likwidacja&nbsp;Sprz\u0105tanie gara\u017cu&nbsp;<\/strong><\/td><td><strong>Indywidualna wycena<\/strong><\/td><td><strong>Indywidualna wycena<\/strong><\/td><\/tr><tr><td>Monta\u017c 13,44<\/td><td>Gara\u017c ma\u0142y<\/td><td>Sztuka<\/td><td>500,00 z\u0142<\/td><\/tr><tr><td>Monta\u017c 13,45<\/td><td>Gara\u017c \u015bredni<\/td><td>Sztuka<\/td><td>600,00 z\u0142<\/td><\/tr><tr><td>Monta\u017c 13,46<\/td><td>Gara\u017c du\u017cy<\/td><td>Sztuka<\/td><td>900,00 z\u0142<\/td><\/tr><tr><td><strong>Monta\u017c 13,47<\/strong><\/td><td><strong>Dodatkowe prace<\/strong><\/td><td><strong>Indywidualna wycena<\/strong><\/td><td><strong>Indywidualna wycena<\/strong><\/td><\/tr><tr><td>Monta\u017c 13,48<\/td><td>Wyw\u00f3z z\u0142omu , makulatury&nbsp;<\/td><td>Metr sze\u015bcienny<\/td><td>100,00 z\u0142<\/td><\/tr><tr><td>Monta\u017c 13,49<\/td><td>Wyw\u00f3z \u015bmieci , odpad\u00f3w z gospodarstw domowych , dzia\u0142ek&nbsp;<\/td><td>Metr sze\u015bcienny<\/td><td>150,00 z\u0142<\/td><\/tr><tr><td>Monta\u017c 13,50<\/td><td>Wyw\u00f3z gruzu , ziemi&nbsp;<\/td><td>Metr sze\u015bcienny<\/td><td>200,00 z\u0142<\/td><\/tr><tr><td>Monta\u017c 13,51<\/td><td>Wyw\u00f3z szk\u0142a , styropianu , papy&nbsp;<\/td><td>Metr sze\u015bcienny<\/td><td>200,00 z\u0142<\/td><\/tr><tr><td>Monta\u017c 13,52<\/td><td>Wycinanie drzew&nbsp;<\/td><td>Sztuka<\/td><td>100,00 z\u0142<\/td><\/tr><tr><td>Monta\u017c 13,53<\/td><td>Podcinanie krzew\u00f3w , \u017cywop\u0142otu , drzewek owocowych&nbsp;<\/td><td>Sztuka<\/td><td>20,00 z\u0142<\/td><\/tr><tr><td>Monta\u017c 13,54<\/td><td>Koszenie trawy&nbsp;<\/td><td>Metr kwadratowy<\/td><td>50,00 z\u0142<\/td><\/tr><tr><td>Monta\u017c 13,55<\/td><td>Wyw\u00f3z odpad\u00f3w zielonych ( trawy , li\u015bci , ga\u0142\u0119zi )<\/td><td>Metr sze\u015bcienny<\/td><td>150,00 z\u0142<\/td><\/tr><\/tbody><\/table><\/figure>\n","protected":false},"excerpt":{"rendered":"<p>NUMER US\u0141UGI NUMER US\u0141UGI JEDNOSTKA CENA Monta\u017c 13,1 Odbi\u00f3r i wyw\u00f3z zu\u017cytego wyposa\u017cenia domowego&nbsp; Indywidualna wycena Indywidualna wycena Monta\u017c 13,2<\/p>\n","protected":false},"author":1,"featured_media":0,"parent":0,"menu_order":0,"comment_status":"closed","ping_status":"closed","template":"","meta":{"colormag_page_container_layout":"no_sidebar_full_width","colormag_page_sidebar_layout":"no_sidebar","footnotes":""},"class_list":["post-96","page","type-page","status-publish","hentry"],"_links":{"self":[{"href":"https:\/\/teamprofessional.pl\/teamprofessional\/index.php?rest_route=\/wp\/v2\/pages\/96","targetHints":{"allow":["GET"]}}],"collection":[{"href":"https:\/\/teamprofessional.pl\/teamprofessional\/index.php?rest_route=\/wp\/v2\/pages"}],"about":[{"href":"https:\/\/teamprofessional.pl\/teamprofessional\/index.php?rest_route=\/wp\/v2\/types\/page"}],"author":[{"embeddable":true,"href":"https:\/\/teamprofessional.pl\/teamprofessional\/index.php?rest_route=\/wp\/v2\/users\/1"}],"replies":[{"embeddable":true,"href":"https:\/\/teamprofessional.pl\/teamprofessional\/index.php?rest_route=%2Fwp%2Fv2%2Fcomments&post=96"}],"version-history":[{"count":3,"href":"https:\/\/teamprofessional.pl\/teamprofessional\/index.php?rest_route=\/wp\/v2\/pages\/96\/revisions"}],"predecessor-version":[{"id":523,"href":"https:\/\/teamprofessional.pl\/teamprofessional\/index.php?rest_route=\/wp\/v2\/pages\/96\/revisions\/523"}],"wp:attachment":[{"href":"https:\/\/teamprofessional.pl\/teamprofessional\/index.php?rest_route=%2Fwp%2Fv2%2Fmedia&parent=96"}],"curies":[{"name":"wp","href":"https:\/\/api.w.org\/{rel}","templated":true}]}}