{"id":90,"date":"2023-01-07T21:06:22","date_gmt":"2023-01-07T20:06:22","guid":{"rendered":"https:\/\/teamprofessional.pl\/teamprofessional\/?page_id=90"},"modified":"2023-10-12T19:08:14","modified_gmt":"2023-10-12T18:08:14","slug":"usluga-montarzu-dzwi-okna-parapety-c","status":"publish","type":"page","link":"https:\/\/teamprofessional.pl\/teamprofessional\/?page_id=90","title":{"rendered":"US\u0141UGA MONTARZU DZWI, OKNA, PARAPETY"},"content":{"rendered":"\n<figure class=\"wp-block-table is-style-stripes has-medium-font-size\"><table style=\"border-width:4px\"><thead><tr><th><strong>NUMER US\u0141UGI<\/strong><\/th><th><strong>NAZWA US\u0141UGI<\/strong><\/th><th><strong>JEDNOSTKA<\/strong><\/th><th><strong><strong>CENA<\/strong><\/strong><\/th><\/tr><\/thead><tbody><tr><td><strong>Monta\u017c 11,1<\/strong><\/td><td><strong>Monta\u017c drzwi&nbsp;<\/strong><\/td><td><strong>Indywidualna wycena<\/strong><\/td><td><strong>Indywidualna wycena<\/strong><\/td><\/tr><tr><td>Monta\u017c 11,2<\/td><td>Monta\u017c drzwi przylgowych ( felcowe ) wewn\u0119trznych&nbsp;<\/td><td>Sztuka<\/td><td>180,00 z\u0142<\/td><\/tr><tr><td>Monta\u017c 11,3<\/td><td>Monta\u017c drzwi bezprzylgowych ( bezfelcowe ) wewn\u0119trznych&nbsp;<\/td><td>Sztuka<\/td><td>200,00 z\u0142<\/td><\/tr><tr><td>Monta\u017c 11,4<\/td><td>Monta\u017c drzwi&nbsp;wewn\u0119trznych przesuwnych&nbsp;<\/td><td>Sztuka<\/td><td>230,00 z\u0142<\/td><\/tr><tr><td>Monta\u017c 11,5<\/td><td>Monta\u017c drzwi wewn\u0119trznych w kasecie&nbsp;<\/td><td>Sztuka<\/td><td>320,00 z\u0142<\/td><\/tr><tr><td>Monta\u017c 11,6<\/td><td>Monta\u017c drzwi&nbsp;wewn\u0119trznych dwuskrzyd\u0142owych&nbsp;<\/td><td>Sztuka<\/td><td>250,00 z\u0142<\/td><\/tr><tr><td>Monta\u017c 11,7<\/td><td>Monta\u017c drzwi wewn\u0119trznych szklanych&nbsp;<\/td><td>Sztuka<\/td><td>270,00 z\u0142<\/td><\/tr><tr><td>Monta\u017c 11,8<\/td><td>Monta\u017c drzwi przylgowych&nbsp;( felcowe ) zewn\u0119trznych do budynku&nbsp;<\/td><td>Sztuka<\/td><td>400,00 z\u0142<\/td><\/tr><tr><td>Monta\u017c 11,9<\/td><td>Monta\u017c drzwi przylgowych&nbsp;( felcowe ) zewn\u0119trznych do lokalu<\/td><td>Sztuka<\/td><td>450,00 z\u0142<\/td><\/tr><tr><td>Monta\u017c 11,10<\/td><td>Monta\u017c drzwi dwuskrzyd\u0142owych przylgowych ( felcowe ) zewn\u0119trznych do lokalu&nbsp;<\/td><td>Sztuka<\/td><td>500,00 z\u0142<\/td><\/tr><tr><td>Monta\u017c 11,11<\/td><td>Monta\u017c futryny drzwi ( zabudowa istniej\u0105cych futryn )&nbsp;<\/td><td>Sztuka<\/td><td>150,00 z\u0142<\/td><\/tr><tr><td>Monta\u017c 11,12<\/td><td>Monta\u017c o\u015bcie\u017cnicy regulowanej&nbsp;<\/td><td>Sztuka<\/td><td>100,00 z\u0142<\/td><\/tr><tr><td>Monta\u017c 11,13<\/td><td>Monta\u017c k\u0105townika maskuj\u0105cego ( opaski )&nbsp;<\/td><td>Sztuka<\/td><td>30,00 z\u0142<\/td><\/tr><tr><td>Monta\u017c 11,14<\/td><td>Monta\u017c na\u015bwietla do drzwi zewn\u0119trznych&nbsp;<\/td><td>Sztuka<\/td><td>150,00 z\u0142<\/td><\/tr><tr><td>Monta\u017c 11,15<\/td><td>Monta\u017c moskitiery drzwiowej&nbsp;<\/td><td>Sztuka<\/td><td>100,00 z\u0142<\/td><\/tr><tr><td>Monta\u017c 11,16<\/td><td>Monta\u017c rolety materia\u0142owej&nbsp;<\/td><td>Sztuka<\/td><td>30,00 z\u0142<\/td><\/tr><tr><td>Monta\u017c 11,17<\/td><td>Monta\u017c \u017caluzji&nbsp;<\/td><td>Sztuka<\/td><td>40,00 z\u0142<\/td><\/tr><tr><td>Monta\u017c 11,18<\/td><td>Monta\u017c rolety zewn\u0119trznej&nbsp;<\/td><td>Sztuka<\/td><td>120,00 z\u0142<\/td><\/tr><tr><td>Monta\u017c 11,19<\/td><td>Skr\u00f3cenie ( przycinanie ) drzwi&nbsp;<\/td><td>Sztuka<\/td><td>50 z\u0142&nbsp;<\/td><\/tr><tr><td>Monta\u017c 11,20<\/td><td>Skr\u00f3cenie ( przycinanie ) o\u015bcie\u017cnicy<\/td><td>Sztuka<\/td><td>30,00 z\u0142<\/td><\/tr><tr><td>Monta\u017c 11,21<\/td><td>Skr\u00f3cenie ( przycinanie ) k\u0105townika maskuj\u0105cego ( opaski )&nbsp;<\/td><td>Sztuka<\/td><td>25,00 z\u0142<\/td><\/tr><tr><td>Monta\u017c 11,22<\/td><td>Monta\u017c tunelu wentylacyjnego ( kratki )<\/td><td>Sztuka<\/td><td>50 z\u0142&nbsp;<\/td><\/tr><tr><td>Monta\u017c 11,23<\/td><td>Monta\u017c drzwi przej\u015bciowych dla ps\u00f3w i kot\u00f3w w drzwiach wewn\u0119trznych&nbsp;<\/td><td>Sztuka<\/td><td>70,00 z\u0142<\/td><\/tr><tr><td>Monta\u017c 11,24<\/td><td>Monta\u017c drzwi przej\u015bciowych dla ps\u00f3w i&nbsp;kot\u00f3w w drzwiach&nbsp; zewn\u0119trznych i metalowych&nbsp;<\/td><td>Sztuka<\/td><td>150,00 z\u0142<\/td><\/tr><tr><td>Monta\u017c 11,25<\/td><td>Monta\u017c , wymiana zamka&nbsp;<\/td><td>Sztuka<\/td><td>40,00 z\u0142<\/td><\/tr><tr><td>Monta\u017c 11,26<\/td><td>Monta\u017c , wymiana klamki&nbsp;<\/td><td>Sztuka<\/td><td>25,00 z\u0142<\/td><\/tr><tr><td>Monta\u017c 11,27<\/td><td>Monta\u017c , wymiana wk\u0142adki&nbsp;<\/td><td>Sztuka<\/td><td>25,00 z\u0142<\/td><\/tr><tr><td>Monta\u017c 11,28<\/td><td>Monta\u017c szyld\u00f3w<\/td><td>Sztuka<\/td><td>30,00 z\u0142<\/td><\/tr><tr><td>Monta\u017c 11,29<\/td><td>Demonta\u017c drzwi zewn\u0119trznych&nbsp;<\/td><td>Sztuka<\/td><td>120,00 z\u0142<\/td><\/tr><tr><td>Monta\u017c 11,30<\/td><td>Demonta\u017c drzwi wewn\u0119trznych&nbsp;<\/td><td>Sztuka<\/td><td>80,00 z\u0142<\/td><\/tr><tr><td>Monta\u017c 11,31<\/td><td>Demonta\u017c o\u015bcie\u017cnicy drewnianej<\/td><td>Sztuka<\/td><td>60,00 z\u0142<\/td><\/tr><tr><td>Monta\u017c 11,32<\/td><td>Demonta\u017c o\u015bcie\u017cnicy metalowej&nbsp;<\/td><td>Sztuka<\/td><td>80,00 z\u0142<\/td><\/tr><tr><td>Monta\u017c 11,33<\/td><td>Utylizacja drzwi&nbsp;<\/td><td>Sztuka<\/td><td>50 z\u0142&nbsp;<\/td><\/tr><tr><td><strong>Monta\u017c 11,34<\/strong><\/td><td><strong>Monta\u017c okien&nbsp;<\/strong><\/td><td><strong>Indywidualna wycena<\/strong><\/td><td><strong>Indywidualna wycena<\/strong><\/td><\/tr><tr><td>Monta\u017c 11,35<\/td><td>Monta\u017c okien po\u0142aciowych&nbsp;<\/td><td>Sztuka<\/td><td>200,00 z\u0142<\/td><\/tr><tr><td>Monta\u017c 11,36<\/td><td>Monta\u017c okien dachowych&nbsp;<\/td><td>Sztuka<\/td><td>300,00 z\u0142<\/td><\/tr><tr><td>Monta\u017c 11,37<\/td><td>Monta\u017c moskitiery \u201e w ramce &#8220;<\/td><td>Sztuka<\/td><td>15,00 z\u0142<\/td><\/tr><tr><td>Monta\u017c 11,38<\/td><td>Monta\u017c rolety materia\u0142owej&nbsp;<\/td><td>Sztuka<\/td><td>25,00 z\u0142<\/td><\/tr><tr><td>Monta\u017c 11,39<\/td><td>Monta\u017c \u017caluzji&nbsp;<\/td><td>Sztuka<\/td><td>35,00 z\u0142<\/td><\/tr><tr><td>Monta\u017c 11,40<\/td><td>Monta\u017c rolety zewn\u0119trznej&nbsp;<\/td><td>Sztuka<\/td><td>100,00 z\u0142<\/td><\/tr><tr><td>Monta\u017c 11,41<\/td><td>Monta\u017c , wymiana klamki<\/td><td>Sztuka<\/td><td>20,00 z\u0142<\/td><\/tr><tr><td>Monta\u017c 11,42<\/td><td>Poszerzanie otworu okiennego<\/td><td>Sztuka<\/td><td>150,00 z\u0142<\/td><\/tr><tr><td>Monta\u017c 11,43<\/td><td>Demonta\u017c okna&nbsp;<\/td><td>Sztuka<\/td><td>100,00 z\u0142<\/td><\/tr><tr><td>Monta\u017c 11,44<\/td><td>Utylizacja okna&nbsp;<\/td><td>Sztuka<\/td><td>50 z\u0142&nbsp;<\/td><\/tr><tr><td><strong>Monta\u017c 11,45<\/strong><\/td><td><strong>Monta\u017c parapet\u00f3w&nbsp;<\/strong><\/td><td><strong>Indywidualna wycena<\/strong><\/td><td><strong>Indywidualna wycena<\/strong><\/td><\/tr><tr><td>Monta\u017c 11,46<\/td><td>Monta\u017c parapetu wewn\u0119trznych&nbsp;<\/td><td>Sztuka<\/td><td>70,00 z\u0142<\/td><\/tr><tr><td>Monta\u017c 11,47<\/td><td>Monta\u017c parapetu zewn\u0119trznych&nbsp;<\/td><td>Sztuka<\/td><td>80,00 z\u0142<\/td><\/tr><tr><td>Monta\u017c 11,48<\/td><td>Wymiana parapetu&nbsp;wewn\u0119trznych ( demonta\u017c i monta\u017c )&nbsp; Wymiana parapetu&nbsp;wewn\u0119trznych ( demonta\u017c i monta\u017c ) Wymiana parapetu&nbsp;<\/td><td>Sztuka<\/td><td>120,00 z\u0142<\/td><\/tr><tr><td>Monta\u017c 11,49<\/td><td>Wymiana parapetu&nbsp;zewn\u0119trznych ( demonta\u017c i monta\u017c )&nbsp;<\/td><td>Sztuka<\/td><td>130,00 z\u0142<\/td><\/tr><tr><td><strong>Monta\u017c 11,50<\/strong><\/td><td><strong>Monta\u017c bram gara\u017cowych&nbsp;<\/strong><\/td><td><strong>Indywidualna wycena<\/strong><\/td><td><strong>Indywidualna wycena<\/strong><\/td><\/tr><tr><td>Monta\u017c 11,51<\/td><td>Monta\u017c bramy uchylnej ( w przygotowanym otworze )<\/td><td>Sztuka<\/td><td>500,00 z\u0142<\/td><\/tr><tr><td>Monta\u017c 11,52<\/td><td>Monta\u017c bramy segmentowej , bocznej lub roletowej ( w przygotowanym&nbsp;<\/td><td>Sztuka<\/td><td>600,00 z\u0142<\/td><\/tr><tr><td><strong>Monta\u017c 11,53<\/strong><\/td><td><strong>Napraw i wymian&nbsp;<\/strong><\/td><td><strong>Indywidualna wycena<\/strong><\/td><td><strong>Indywidualna wycena<\/strong><\/td><\/tr><tr><td>Monta\u017c 11,54<\/td><td>Usuni\u0119cie awarii i usterek od 8:00 do 18:00<\/td><td>Sztuka<\/td><td>100,00 z\u0142<\/td><\/tr><tr><td>Monta\u017c 11,55<\/td><td>Usuni\u0119cie awarii i usterek od godz . 18.00 do 8.00&nbsp;<\/td><td>Sztuka<\/td><td>Nie wykonujemy&nbsp;<\/td><\/tr><tr><td>Monta\u017c 11,56<\/td><td>Serwis&nbsp;<\/td><td>Sztuka<\/td><td>100,00 z\u0142<\/td><\/tr><tr><td>Monta\u017c 11,57<\/td><td>Poszerzenie otworu drzwiowego&nbsp;<\/td><td>Sztuka<\/td><td>150,00 z\u0142<\/td><\/tr><tr><td>Monta\u017c 11,58<\/td><td>Poszerzenie otworu okiennego&nbsp;<\/td><td>Sztuka<\/td><td>120,00 z\u0142<\/td><\/tr><tr><td>Monta\u017c 11,59<\/td><td>Poszerzenie otworu bramy gara\u017cowej&nbsp;<\/td><td>Sztuka<\/td><td>250,00 z\u0142<\/td><\/tr><tr><td>Monta\u017c 11,60<\/td><td>Pomniejszenie otworu drzwiowego<\/td><td>Sztuka<\/td><td>120,00 z\u0142<\/td><\/tr><tr><td>Monta\u017c 11,61<\/td><td>Pomniejszenie otworu okiennego&nbsp;<\/td><td>Sztuka<\/td><td>120,00 z\u0142<\/td><\/tr><tr><td>Monta\u017c 11,62<\/td><td>Pomniejszenie otworu bramy gara\u017cowej&nbsp;<\/td><td>Sztuka<\/td><td>250,00 z\u0142<\/td><\/tr><tr><td>Monta\u017c 11,63<\/td><td>Zamurowanie otworu drzwiowego&nbsp;<\/td><td>Sztuka<\/td><td>200,00 z\u0142<\/td><\/tr><tr><td>Monta\u017c 11,64<\/td><td>Zamurowanie otworu okiennego<\/td><td>Sztuka<\/td><td>150,00 z\u0142<\/td><\/tr><tr><td>Monta\u017c 11,65<\/td><td>Zamurowanie otworu bramy gara\u017cowej&nbsp;<\/td><td>Sztuka<\/td><td>250,00 z\u0142<\/td><\/tr><tr><td>Monta\u017c 11,66<\/td><td>Obr\u00f3bka drzwi&nbsp;i okien&nbsp;<\/td><td>Sztuka<\/td><td>120,00 z\u0142<\/td><\/tr><tr><td>Monta\u017c 11,67<\/td><td>Obr\u00f3bka bramy gara\u017cowej&nbsp;<\/td><td>Sztuka<\/td><td>250,00 z\u0142<\/td><\/tr><tr><td>Monta\u017c 11,68<\/td><td>Wykonanie otworu drzwiowego w \u015bcianie&nbsp;<\/td><td>Sztuka<\/td><td>600,00 z\u0142<\/td><\/tr><tr><td>Monta\u017c 11,69<\/td><td>Wykonanie otworu drzwiowego w \u015bcianie z wykonaniem podci\u0105gu&nbsp;<\/td><td>Sztuka<\/td><td>2 000,00 z\u0142<\/td><\/tr><tr><td>Monta\u017c 11,70<\/td><td>Wykonanie otworu drzwiowego w \u015bcianie z betonu i \u017celbetonu&nbsp;<\/td><td>Sztuka<\/td><td>1 500,00 z\u0142<\/td><\/tr><tr><td>Monta\u017c 11,71<\/td><td>Wykonanie otworu drzwiowego w \u015bcianie z betonu i \u017celbetonu z wykonaniem podci\u0105gu&nbsp;<\/td><td>Sztuka<\/td><td>3 000,00 z\u0142<\/td><\/tr><tr><td>Monta\u017c 11,72<\/td><td>Wykonanie otworu okiennego w \u015bcianie&nbsp;<\/td><td>Sztuka<\/td><td>500,00 z\u0142<\/td><\/tr><tr><td>Monta\u017c 11,73<\/td><td>Wykonanie otworu okiennego w \u015bcianie z wykonaniem odci\u0105gu<\/td><td>Sztuka<\/td><td>1 500,00 z\u0142<\/td><\/tr><\/tbody><\/table><\/figure>\n","protected":false},"excerpt":{"rendered":"<p>NUMER US\u0141UGI NAZWA US\u0141UGI JEDNOSTKA CENA Monta\u017c 11,1 Monta\u017c drzwi&nbsp; Indywidualna wycena Indywidualna wycena Monta\u017c 11,2 Monta\u017c drzwi przylgowych (<\/p>\n","protected":false},"author":1,"featured_media":0,"parent":0,"menu_order":0,"comment_status":"closed","ping_status":"closed","template":"","meta":{"colormag_page_container_layout":"no_sidebar_full_width","colormag_page_sidebar_layout":"no_sidebar","footnotes":""},"class_list":["post-90","page","type-page","status-publish","hentry"],"_links":{"self":[{"href":"https:\/\/teamprofessional.pl\/teamprofessional\/index.php?rest_route=\/wp\/v2\/pages\/90","targetHints":{"allow":["GET"]}}],"collection":[{"href":"https:\/\/teamprofessional.pl\/teamprofessional\/index.php?rest_route=\/wp\/v2\/pages"}],"about":[{"href":"https:\/\/teamprofessional.pl\/teamprofessional\/index.php?rest_route=\/wp\/v2\/types\/page"}],"author":[{"embeddable":true,"href":"https:\/\/teamprofessional.pl\/teamprofessional\/index.php?rest_route=\/wp\/v2\/users\/1"}],"replies":[{"embeddable":true,"href":"https:\/\/teamprofessional.pl\/teamprofessional\/index.php?rest_route=%2Fwp%2Fv2%2Fcomments&post=90"}],"version-history":[{"count":2,"href":"https:\/\/teamprofessional.pl\/teamprofessional\/index.php?rest_route=\/wp\/v2\/pages\/90\/revisions"}],"predecessor-version":[{"id":519,"href":"https:\/\/teamprofessional.pl\/teamprofessional\/index.php?rest_route=\/wp\/v2\/pages\/90\/revisions\/519"}],"wp:attachment":[{"href":"https:\/\/teamprofessional.pl\/teamprofessional\/index.php?rest_route=%2Fwp%2Fv2%2Fmedia&parent=90"}],"curies":[{"name":"wp","href":"https:\/\/api.w.org\/{rel}","templated":true}]}}