{"id":84,"date":"2023-01-07T21:05:32","date_gmt":"2023-01-07T20:05:32","guid":{"rendered":"https:\/\/teamprofessional.pl\/teamprofessional\/?page_id=84"},"modified":"2023-10-12T19:00:29","modified_gmt":"2023-10-12T18:00:29","slug":"usluga-skrecania-mebli-c","status":"publish","type":"page","link":"https:\/\/teamprofessional.pl\/teamprofessional\/?page_id=84","title":{"rendered":"US\u0141UGA SKR\u0118CANIA MEBLI"},"content":{"rendered":"\n<figure class=\"wp-block-table is-style-stripes has-medium-font-size\"><table style=\"border-width:4px\"><thead><tr><th><strong>NUMER US\u0141UGI<\/strong><\/th><th><strong>NAZWA US\u0141UGI<\/strong><\/th><th><strong>JEDNOSTKA<\/strong><\/th><th><strong><strong>CENA<\/strong><\/strong><\/th><\/tr><\/thead><tbody><tr><td><strong>Monta\u017c 9,1<\/strong><\/td><td><strong>Skr\u0119canie mebli skrzyniowych i wypoczynkow<\/strong><\/td><td><strong>Indywidualna wycena<\/strong><\/td><td><strong>Indywidualna wycena<\/strong><\/td><\/tr><tr><td>Monta\u017c 9,2<\/td><td>Zestaw mebli skrzyniowych<\/td><td>Warto\u015b\u0107<\/td><td>12 % warto\u015bci<\/td><\/tr><tr><td>Monta\u017c 9,3<\/td><td>Zestaw mebli skrzyniowych ( warto\u015b\u0107 powy\u017cej 4500 z\u0142 )<\/td><td>Warto\u015b\u0107<\/td><td>10 % warto\u015bci<\/td><\/tr><tr><td>Monta\u017c 9,4<\/td><td>Zestaw mebli wypoczynkowych<\/td><td>Warto\u015b\u0107<\/td><td>12 % warto\u015bci<\/td><\/tr><tr><td>Monta\u017c 9,5<\/td><td>Zestaw mebli wypoczynkowych ( warto\u015b\u0107 powy\u017cej 4500 z\u0142 )<\/td><td>Warto\u015b\u0107<\/td><td>10 % warto\u015bci<\/td><\/tr><tr><td>Monta\u017c 9,6<\/td><td>Wieszanie mebli<\/td><td>Sztuka<\/td><td>25,00 z\u0142<\/td><\/tr><tr><td><strong>Monta\u017c 9,7<\/strong><\/td><td><strong>Skr\u0119canie mebli kuchennych i \u0142azienkowyc<\/strong><\/td><td><strong>Indywidualna wycena<\/strong><\/td><td><strong>Indywidualna wycena<\/strong><\/td><\/tr><tr><td>Monta\u017c 9,8<\/td><td>Zestaw mebli kuchennych i \u0142azienkowych ( korpus + front + zawiasy + uchwyt + regulacja fr blat )<\/td><td>Warto\u015b\u0107<\/td><td>14 % warto\u015bci<\/td><\/tr><tr><td>Monta\u017c 9,9<\/td><td>Zestaw mebli kuchennych i \u0142azienkowych ( korpus + front + zawiasy + uchwyt + regulacja fr blat ) ( warto\u015b\u0107 powy\u017cej 4500 z\u0142 monta\u017c i pod\u0142\u0105czenie sprz\u0119ty AC Skr\u0119canie ze sob\u0105 korpus\u00f3w sz\u0105<\/td><td>Warto\u015b\u0107<\/td><td>12 % warto\u015bci<\/td><\/tr><tr><td>Monta\u017c 9,10<\/td><td>Skr\u0119canie ze sob\u0105 korpus\u00f3w szafek<\/td><td>Sztuka<\/td><td>10,00 z\u0142<\/td><\/tr><tr><td>Monta\u017c 9,11<\/td><td>Wieszanie szafek<\/td><td>Sztuka<\/td><td>15,00 z\u0142<\/td><\/tr><tr><td>Monta\u017c 9,12<\/td><td>Monta\u017c listwy wie\u0144cz\u0105cej PCV na blacie<\/td><td>Metr bie\u017c\u0105cy<\/td><td>2,00 z\u0142<\/td><\/tr><tr><td>Monta\u017c 9,13<\/td><td>Monta\u017c coko\u0142u dolnego mebli kuchennych MDF , PCV<\/td><td>Metr bie\u017c\u0105cy<\/td><td>10,00 z\u0142<\/td><\/tr><tr><td>Monta\u017c 9,14<\/td><td>Przycinanie ( z szeroko\u015bci ) i mon coko\u0142u dolnego MDF<\/td><td>Metr bie\u017c\u0105cy<\/td><td>13,00 z\u0142<\/td><\/tr><tr><td>Monta\u017c 9,15<\/td><td>Monta\u017c listwy wie\u0144cz\u0105cej ( korony )<\/td><td>Metr bie\u017c\u0105cy<\/td><td>20,00 z\u0142<\/td><\/tr><tr><td><strong>Monta\u017c 9,16<\/strong><\/td><td><strong>Skr\u0119canie pojedynczych meble<\/strong><\/td><td><strong>Indywidualna wycena<\/strong><\/td><td><strong>Indywidualna wycena<\/strong><\/td><\/tr><tr><td>Monta\u017c 9,17<\/td><td>Szafa ma\u0142a do 150 cm<\/td><td>Sztuka<\/td><td>100,00 z\u0142<\/td><\/tr><tr><td>Monta\u017c 9,18<\/td><td>Szafa ma\u0142a poni\u017cej 150 cm z drzwiami przesuwnymi<\/td><td>Sztuka<\/td><td>130,00 z\u0142<\/td><\/tr><tr><td>Monta\u017c 9,19<\/td><td>Szafa du\u017ca do 150 cm<\/td><td>Sztuka<\/td><td>160,00 z\u0142<\/td><\/tr><tr><td>Monta\u017c 9,20<\/td><td>Szafa du\u017ca powy\u017cej 150 cm z drzwiami przesuwnymi<\/td><td>Sztuka<\/td><td>190,00 z\u0142<\/td><\/tr><tr><td>Monta\u017c 9,21<\/td><td>Szafa du\u017ca powy\u017cej 150 cm montowana na stoj\u0105co<\/td><td>Sztuka<\/td><td>230,00 z\u0142<\/td><\/tr><tr><td>Monta\u017c 9,22<\/td><td>Komoda do trzech szuflad<\/td><td>Sztuka<\/td><td>100,00 z\u0142<\/td><\/tr><tr><td>Monta\u017c 9,23<\/td><td>Komoda do pieciu szuflad<\/td><td>Sztuka<\/td><td>120,00 z\u0142<\/td><\/tr><tr><td>Monta\u017c 9,24<\/td><td>Komoda do powy\u017cej pieciu szuflad<\/td><td>Sztuka<\/td><td>150,00 z\u0142<\/td><\/tr><tr><td>Monta\u017c 9,25<\/td><td>St\u00f3\u0142<\/td><td>Sztuka<\/td><td>60,00 z\u0142<\/td><\/tr><tr><td>Monta\u017c 9,26<\/td><td>St\u00f3\u0142 rozk\u0142adany<\/td><td>Sztuka<\/td><td>80,00 z\u0142<\/td><\/tr><tr><td>Monta\u017c 9,27<\/td><td>\u0141awa<\/td><td>Sztuka<\/td><td>60,00 z\u0142<\/td><\/tr><tr><td>Monta\u017c 9,28<\/td><td>\u0141awa rozk\u0142adana<\/td><td>Sztuka<\/td><td>80,00 z\u0142<\/td><\/tr><tr><td>Monta\u017c 9,29<\/td><td>Biurko<\/td><td>Sztuka<\/td><td>50,00 z\u0142<\/td><\/tr><tr><td>Monta\u017c 9,30<\/td><td>Rega\u0142<\/td><td>Sztuka<\/td><td>50,00 z\u0142<\/td><\/tr><tr><td>Monta\u017c 9,31<\/td><td>Krzes\u0142o<\/td><td>Sztuka<\/td><td>10,00 z\u0142<\/td><\/tr><tr><td>Monta\u017c 9,32<\/td><td>Krzes\u0142o obrotowe<\/td><td>Sztuka<\/td><td>20,00 z\u0142<\/td><\/tr><tr><td>Monta\u017c 9,33<\/td><td>Szafka RTV<\/td><td>Sztuka<\/td><td>40,00 z\u0142<\/td><\/tr><tr><td>Monta\u017c 9,34<\/td><td>Szafka<\/td><td>Sztuka<\/td><td>20,00 z\u0142<\/td><\/tr><tr><td>Monta\u017c 9,35<\/td><td>Szafka nocna<\/td><td>Sztuka<\/td><td>50 z\u0142&nbsp;<\/td><\/tr><tr><td>Monta\u017c 9,36<\/td><td>Szafka nocna z szuflad\u0105<\/td><td>Sztuka<\/td><td>60,00 z\u0142<\/td><\/tr><tr><td>Monta\u017c 9,37<\/td><td>Szafka kuchenna<\/td><td>Sztuka<\/td><td>30,00 z\u0142<\/td><\/tr><tr><td>Monta\u017c 9,38<\/td><td>Szafka kuchenna aroro\u017cna<\/td><td>Sztuka<\/td><td>50,00 z\u0142<\/td><\/tr><tr><td>Monta\u017c 9,39<\/td><td>\u0141\u00f3zko rozk\u0142adane z wysuwan\u0105 szuflad\u0105<\/td><td>Sztuka<\/td><td>120,00 z\u0142<\/td><\/tr><tr><td>Monta\u017c 9,40<\/td><td>\u0141\u00f3zko z podnoszonym stela\u017cem<\/td><td>Sztuka<\/td><td>150,00 z\u0142<\/td><\/tr><tr><td>Monta\u017c 9,41<\/td><td>\u0141\u00f3zko rozk\u0142adane z wysuwan\u0105 szuflad\u0105<\/td><td>Sztuka<\/td><td>80,00 z\u0142<\/td><\/tr><tr><td>Monta\u017c 9,42<\/td><td>Sofa<\/td><td>Sztuka<\/td><td>120,00 z\u0142<\/td><\/tr><tr><td>Monta\u017c 9,43<\/td><td>Sofa rozk\u0142adana<\/td><td>Sztuka<\/td><td>130,00 z\u0142<\/td><\/tr><tr><td><strong>Monta\u017c 9,44<\/strong><\/td><td><strong>Us\u0142ugi dodatkowe<\/strong><\/td><td><strong>Indywidualna wycena<\/strong><\/td><td><strong>Indywidualna wycena<\/strong><\/td><\/tr><tr><td>Monta\u017c 9,45<\/td><td>Demonta\u017c &#8221; starych &#8221; mebli<\/td><td>Sztuka<\/td><td>10,00 z\u0142<\/td><\/tr><tr><td>Monta\u017c 9,46<\/td><td>Utylizacja &#8221; starych &#8221; mebli<\/td><td>Metr sze\u015bcienny<\/td><td>100,00 z\u0142<\/td><\/tr><tr><td>Monta\u017c 9,47<\/td><td>Demonta\u017c i usuni\u0119cie mebli , spr AGD z pomieszczenia przewidzi do monta\u017cu , oraz oczyszczenie powierzchni po demonta\u017cu<\/td><td>Sztuka<\/td><td>400,00 z\u0142<\/td><\/tr><tr><td>Monta\u017c 9,48<\/td><td>Monta\u017c blatu kuchennego<\/td><td>Metr bie\u017c\u0105cy<\/td><td>25,00 z\u0142<\/td><\/tr><tr><td>Monta\u017c 9,49<\/td><td>Monta\u017c panelu \u015bciennego kuchennego<\/td><td>Metr bie\u017c\u0105cy<\/td><td>50 z\u0142&nbsp;<\/td><\/tr><tr><td>Monta\u017c 9,50<\/td><td>Monta\u017c panelu bocznego<\/td><td>Sztuka<\/td><td>15,00 z\u0142<\/td><\/tr><tr><td>Monta\u017c 9,51<\/td><td>Monta\u017c barku lub parapetu<\/td><td>Metr bie\u017c\u0105cy<\/td><td>25,00 z\u0142<\/td><\/tr><tr><td>Monta\u017c 9,52<\/td><td>Monta\u017c listwy o\u015bwietleniowej , gzymsu o\u015bwietleniowego , listw halogenowej , gzymsu halogeno listwy ozdobnej , gzymsu ozdobnego<\/td><td>Metr bie\u017c\u0105cy<\/td><td>20,00 z\u0142<\/td><\/tr><tr><td>Monta\u017c 9,53<\/td><td>Monta\u017c frontu , drzwiczek w szafkach kuchennych<\/td><td>Sztuka<\/td><td>10,00 z\u0142<\/td><\/tr><tr><td>Monta\u017c 9,54<\/td><td>Monta\u017c frontu , drzwiczek w mebli skrzyniowych<\/td><td>Sztuka<\/td><td>20,00 z\u0142<\/td><\/tr><tr><td>Monta\u017c 9,55<\/td><td>Monta\u017c frontu , drzwiczek w spr AGD pod zabudow\u0119<\/td><td>Sztuka<\/td><td>50,00 z\u0142<\/td><\/tr><tr><td>Monta\u017c 9,56<\/td><td>Monta\u017c dodatkowych p\u00f3\u0142ek<\/td><td>Sztuka<\/td><td>10,00 z\u0142<\/td><\/tr><tr><td>Monta\u017c 9,57<\/td><td>Monta\u017c dodatkowego wyposa\u017c ( suszarki , kosza )<\/td><td>Sztuka<\/td><td>20,00 z\u0142<\/td><\/tr><tr><td>Monta\u017c 9,58<\/td><td>Monta\u017c dodatkowego wyposa\u017c ( kosza obrotowego , wysuwny , nerka )<\/td><td>Sztuka<\/td><td>30,00 z\u0142<\/td><\/tr><tr><td>Monta\u017c 9,59<\/td><td>Monta\u017c uchwytu w frontach , drzwiczkach<\/td><td>Sztuka<\/td><td>5,00 z\u0142<\/td><\/tr><tr><td>Monta\u017c 9,60<\/td><td>Wyci\u0119cie otworu w blacie pod zlewozmywak , p\u0142yt\u0119 , kuchenke<\/td><td>Sztuka<\/td><td>60,00 z\u0142<\/td><\/tr><tr><td>Monta\u017c 9,61<\/td><td>Wyci\u0119cie otworu w zlewozmyw pod bateri\u0119<\/td><td>Sztuka<\/td><td>40,00 z\u0142<\/td><\/tr><tr><td>Monta\u017c 9,62<\/td><td>Wyci\u0119cie otworu w korpusie<\/td><td>Sztuka<\/td><td>10,00 z\u0142<\/td><\/tr><tr><td>Monta\u017c 9,63<\/td><td>Wyci\u0119cie otworu w panelu \u015bciennym kuchennym<\/td><td>Sztuka<\/td><td>10,00 z\u0142<\/td><\/tr><tr><td>Monta\u017c 9,64<\/td><td>Przer\u00f3bka korpusu szafki kuchennej<\/td><td>Roboczo godzina<\/td><td>100,00 z\u0142<\/td><\/tr><tr><td>Monta\u017c 9,65<\/td><td>Docinanie blatu kuchennego z d\u0142ugo\u015bci<\/td><td>Ci\u0119cie<\/td><td>40,00 z\u0142<\/td><\/tr><tr><td>Monta\u017c 9,66<\/td><td>Docinanie blatu kuchennego z szeroko\u015bci<\/td><td>Ci\u0119cie<\/td><td>40,00 z\u0142<\/td><\/tr><tr><td>Monta\u017c 9,67<\/td><td>Regulacja frontu , drzwiczek w meblach kuchennych<\/td><td>Sztuka<\/td><td>5,00 z\u0142<\/td><\/tr><tr><td>Monta\u017c 9,68<\/td><td>Poziomowanie mebli kuchennyc<\/td><td>Sztuka<\/td><td>5,00 z\u0142<\/td><\/tr><tr><td>Monta\u017c 9,69<\/td><td>Regulacja frontu , drzwiczek w meblach skrzyniowych<\/td><td>Sztuka<\/td><td>10,00 z\u0142<\/td><\/tr><tr><td>Monta\u017c 9,70<\/td><td>Poziomowanie mebli skrzyniowych<\/td><td>Sztuka<\/td><td>10,00 z\u0142<\/td><\/tr><tr><td>Monta\u017c 9,71<\/td><td>Wykonanie otworu pod zawias<\/td><td>Sztuka<\/td><td>5,00 z\u0142<\/td><\/tr><tr><td>Monta\u017c 9,72<\/td><td>Skr\u0119canie ze sob\u0105 mebli<\/td><td>Sztuka<\/td><td>10,00 z\u0142<\/td><\/tr><tr><td>Monta\u017c 9,73<\/td><td>Zawieszanie mebli<\/td><td>Sztuka<\/td><td>20,00 z\u0142<\/td><\/tr><tr><td>Monta\u017c 9,74<\/td><td>Mocowanie akcesori\u00f3w za pom ko\u0142k\u00f3w rozporowych<\/td><td>Sztuka<\/td><td>5,00 z\u0142<\/td><\/tr><tr><td><strong>Monta\u017c 9,75<\/strong><\/td><td><strong>Napraw i wymiana<\/strong><\/td><td><strong>Indywidualna wycena<\/strong><\/td><td><strong>Indywidualna wycena<\/strong><\/td><\/tr><tr><td>Monta\u017c 9,76<\/td><td>Naprawa ubytk\u00f3w i uszkodze\u0144 blatach , frontach<\/td><td>Sztuka<\/td><td>20,00 z\u0142<\/td><\/tr><tr><td>Monta\u017c 9,77<\/td><td>Naprawa ubytk\u00f3w i uszkodze\u0144 korpusach<\/td><td>Sztuka<\/td><td>10,00 z\u0142<\/td><\/tr><tr><td>Monta\u017c 9,78<\/td><td>Wymiana uchwytu w frontach , drzwiczkach<\/td><td>Sztuka<\/td><td>5,00 z\u0142<\/td><\/tr><tr><td>Monta\u017c 9,79<\/td><td>Wymiana zawiasu<\/td><td>Sztuka<\/td><td>5,00 z\u0142<\/td><\/tr><tr><td>Monta\u017c 9,80<\/td><td>Wymiana prowadnicy<\/td><td>Sztuka<\/td><td>5,00 z\u0142<\/td><\/tr><tr><td>Monta\u017c 9,81<\/td><td><\/td><td>Indywidualna wycena<\/td><td>Monta\u017c i pod\u0142\u0105czenie<\/td><\/tr><tr><td>Monta\u017c 9,82<\/td><td>Zlewozmyw wpustowy ( bez wycinania otworu w blacie )<\/td><td>Sztuka<\/td><td>40,00 z\u0142<\/td><\/tr><tr><td>Monta\u017c 9,83<\/td><td>Zlewozmyw wpustowy ( z wyci\u0119ciem otworu w blacie )<\/td><td>Sztuka<\/td><td>100,00 z\u0142<\/td><\/tr><tr><td>Monta\u017c 9,84<\/td><td>Zlewozmyw nak\u0142adany<\/td><td>Sztuka<\/td><td>40,00 z\u0142<\/td><\/tr><tr><td>Monta\u017c 9,85<\/td><td>Bateria zlewozmyw<\/td><td>Sztuka<\/td><td>40,00 z\u0142<\/td><\/tr><tr><td>Monta\u017c 9,86<\/td><td>Bateria zlewozmywaka ( z wyci\u0119cier otworu w blacie lub zlewozmywaku )<\/td><td>Sztuka<\/td><td>80,00 z\u0142<\/td><\/tr><tr><td>Monta\u017c 9,87<\/td><td>Przep\u0142ywow podgrzewac wody<\/td><td>Sztuka<\/td><td>60,00 z\u0142<\/td><\/tr><tr><td>Monta\u017c 9,88<\/td><td>Bateria \u015bcier Kran \u015bcienn<\/td><td>Sztuka<\/td><td>30,00 z\u0142<\/td><\/tr><tr><td>Monta\u017c 9,89<\/td><td>M\u0142ynek do mielenia odpad\u00f3w<\/td><td>Sztuka<\/td><td>100,00 z\u0142<\/td><\/tr><\/tbody><\/table><\/figure>\n","protected":false},"excerpt":{"rendered":"<p>NUMER US\u0141UGI NAZWA US\u0141UGI JEDNOSTKA CENA Monta\u017c 9,1 Skr\u0119canie mebli skrzyniowych i wypoczynkow Indywidualna wycena Indywidualna wycena Monta\u017c 9,2 Zestaw<\/p>\n","protected":false},"author":1,"featured_media":0,"parent":0,"menu_order":0,"comment_status":"closed","ping_status":"closed","template":"","meta":{"colormag_page_container_layout":"no_sidebar_full_width","colormag_page_sidebar_layout":"no_sidebar","footnotes":""},"class_list":["post-84","page","type-page","status-publish","hentry"],"_links":{"self":[{"href":"https:\/\/teamprofessional.pl\/teamprofessional\/index.php?rest_route=\/wp\/v2\/pages\/84","targetHints":{"allow":["GET"]}}],"collection":[{"href":"https:\/\/teamprofessional.pl\/teamprofessional\/index.php?rest_route=\/wp\/v2\/pages"}],"about":[{"href":"https:\/\/teamprofessional.pl\/teamprofessional\/index.php?rest_route=\/wp\/v2\/types\/page"}],"author":[{"embeddable":true,"href":"https:\/\/teamprofessional.pl\/teamprofessional\/index.php?rest_route=\/wp\/v2\/users\/1"}],"replies":[{"embeddable":true,"href":"https:\/\/teamprofessional.pl\/teamprofessional\/index.php?rest_route=%2Fwp%2Fv2%2Fcomments&post=84"}],"version-history":[{"count":2,"href":"https:\/\/teamprofessional.pl\/teamprofessional\/index.php?rest_route=\/wp\/v2\/pages\/84\/revisions"}],"predecessor-version":[{"id":515,"href":"https:\/\/teamprofessional.pl\/teamprofessional\/index.php?rest_route=\/wp\/v2\/pages\/84\/revisions\/515"}],"wp:attachment":[{"href":"https:\/\/teamprofessional.pl\/teamprofessional\/index.php?rest_route=%2Fwp%2Fv2%2Fmedia&parent=84"}],"curies":[{"name":"wp","href":"https:\/\/api.w.org\/{rel}","templated":true}]}}