{"id":249,"date":"2023-06-10T15:04:23","date_gmt":"2023-06-10T14:04:23","guid":{"rendered":"https:\/\/teamprofessional.pl\/teamprofessional\/?page_id=249"},"modified":"2023-08-06T15:27:27","modified_gmt":"2023-08-06T14:27:27","slug":"usluga-transportowa-o","status":"publish","type":"page","link":"https:\/\/teamprofessional.pl\/teamprofessional\/?page_id=249","title":{"rendered":"US\u0141UGA TRANSPORTOWA"},"content":{"rendered":"\n<p class=\"has-text-align-center has-medium-font-size\">Nasza firma oferuje szeroki zakres prac transportowych. Wykonujemy kapitalne przeprowadzki, przewo\u017cenie, przestawienie i bie\u017c\u0105cy transport mebli i AGD.<br>Specjalizujemy si\u0119 w kompleksowych przeprowadzkach od A do Z (pakujemy, zabezpieczamy, znosimy, dostarczamy do miejsca docelowego i wnosimy). Z nami mo\u017cesz mie\u0107 pewno\u015b\u0107 \u017ce Twoje cenne rzeczy w pe\u0142ni profesjonalnie zmieni\u0105 lokalizacj\u0119.<\/p>\n\n\n\n<ul class=\"wp-block-list\">\n<li>Kompleksowe przeprowadzki (pakowanie, rozkr\u0119canie, znoszenie, za\u0142adunek, transport, wy\u0142adunek, wnoszenie, skracanie, ustawianie, rozpakowywanie)<\/li>\n\n\n\n<li>Przeprowadzki (rozkr\u0119canie, znoszenie, za\u0142adunek, transport, wy\u0142adunek, wnoszenie, skracanie)<\/li>\n\n\n\n<li>Przeprowadzki (znoszenie, za\u0142adunek, transport, wy\u0142adunek, wnoszenie)<\/li>\n\n\n\n<li>Przeprowadzki (za\u0142adunek, transport, wy\u0142adunek)<\/li>\n\n\n\n<li>Transport nowych i u\u017cywanych mebli, sprz\u0119tu AGD i RTV<\/li>\n\n\n\n<li>Odbi\u00f3r ze sklepu, transport (mebli, sprz\u0119ty AGD, RTV i towar\u00f3w) oraz dow\u00f3z na wskazany adres z wniesieniem<\/li>\n\n\n\n<li>Odbi\u00f3r ze wskazanego adresu, transport (mebli, sprz\u0119ty RTV, AGD i towar\u00f3w) oraz dow\u00f3z na wskazany adres z wniesieniem<\/li>\n\n\n\n<li>Dow\u00f3z materia\u0142\u00f3w budowlanych<\/li>\n\n\n\n<li>Pomoc tragarzy (znoszenie, za\u0142adunek, wy\u0142adunek, wnoszenie)<\/li>\n\n\n\n<li>Wyw\u00f3z i utylizacja starych mebli i zu\u017cytego sprz\u0119tu AGD, RTV i towar\u00f3w<\/li>\n\n\n\n<li>Bezpieczne i szybkie oraz kompleksowe przeprowadzki dom\u00f3w i mieszka\u0144<\/li>\n\n\n\n<li>Bezpieczne i szybkie oraz kompleksowe przeprowadzki lokali, biur i firm<\/li>\n\n\n\n<li>Zabezpieczanie, pakowanie i przew\u00f3z rzeczy<\/li>\n\n\n\n<li>Przew\u00f3z sprz\u0119tu AGD i RTV<\/li>\n\n\n\n<li>Odbi\u00f3r mebli, AGD, RTV lub materia\u0142\u00f3w budowlanych ze sklep\u00f3w<\/li>\n\n\n\n<li>Wyw\u00f3z zb\u0119dnych rzeczy<\/li>\n\n\n\n<li>Za\u0142adunek i roz\u0142adunek oraz wnoszenie i wnoszenie<\/li>\n\n\n\n<li>Monta\u017c i demonta\u017c mebli<\/li>\n\n\n\n<li>Utylizacja mebli, sprz\u0119tu AGD, RTV i rzeczy<\/li>\n\n\n\n<li>Transport<\/li>\n<\/ul>\n","protected":false},"excerpt":{"rendered":"<p>Nasza firma oferuje szeroki zakres prac transportowych. Wykonujemy kapitalne przeprowadzki, przewo\u017cenie, przestawienie i bie\u017c\u0105cy transport mebli i AGD.Specjalizujemy si\u0119 w<\/p>\n","protected":false},"author":1,"featured_media":0,"parent":0,"menu_order":0,"comment_status":"closed","ping_status":"closed","template":"","meta":{"colormag_page_container_layout":"no_sidebar_full_width","colormag_page_sidebar_layout":"no_sidebar","footnotes":""},"class_list":["post-249","page","type-page","status-publish","hentry"],"_links":{"self":[{"href":"https:\/\/teamprofessional.pl\/teamprofessional\/index.php?rest_route=\/wp\/v2\/pages\/249","targetHints":{"allow":["GET"]}}],"collection":[{"href":"https:\/\/teamprofessional.pl\/teamprofessional\/index.php?rest_route=\/wp\/v2\/pages"}],"about":[{"href":"https:\/\/teamprofessional.pl\/teamprofessional\/index.php?rest_route=\/wp\/v2\/types\/page"}],"author":[{"embeddable":true,"href":"https:\/\/teamprofessional.pl\/teamprofessional\/index.php?rest_route=\/wp\/v2\/users\/1"}],"replies":[{"embeddable":true,"href":"https:\/\/teamprofessional.pl\/teamprofessional\/index.php?rest_route=%2Fwp%2Fv2%2Fcomments&post=249"}],"version-history":[{"count":4,"href":"https:\/\/teamprofessional.pl\/teamprofessional\/index.php?rest_route=\/wp\/v2\/pages\/249\/revisions"}],"predecessor-version":[{"id":361,"href":"https:\/\/teamprofessional.pl\/teamprofessional\/index.php?rest_route=\/wp\/v2\/pages\/249\/revisions\/361"}],"wp:attachment":[{"href":"https:\/\/teamprofessional.pl\/teamprofessional\/index.php?rest_route=%2Fwp%2Fv2%2Fmedia&parent=249"}],"curies":[{"name":"wp","href":"https:\/\/api.w.org\/{rel}","templated":true}]}}