{"id":234,"date":"2023-06-10T15:01:38","date_gmt":"2023-06-10T14:01:38","guid":{"rendered":"https:\/\/teamprofessional.pl\/teamprofessional\/?page_id=234"},"modified":"2024-05-12T08:27:54","modified_gmt":"2024-05-12T07:27:54","slug":"usluga-monitoringu-o","status":"publish","type":"page","link":"https:\/\/teamprofessional.pl\/teamprofessional\/?page_id=234","title":{"rendered":"US\u0141UGA ALARMOWA I MONITORINGU"},"content":{"rendered":"\n<p class=\"has-text-align-center has-medium-font-size\">Wykonujemy wszelkiego rodzaju instalacje od podstaw lub modernizujemy oraz dostosowujemy ju\u017c istniej\u0105ce instalacje do aktualnych potrzeb:<\/p>\n\n\n\n<ul class=\"wp-block-list\">\n<li>Monta\u017c i instalacja telewizji przemys\u0142owej<\/li>\n\n\n\n<li>Monta\u017c i instalacja monitoringu TV (kamer)<\/li>\n\n\n\n<li>Monta\u017c i instalacja instalacji alarmowych<\/li>\n\n\n\n<li>Monta\u017c i instalacja systemu sygnalizacji w\u0142amania i napadu<\/li>\n\n\n\n<li>U\u0142o\u017cenie przewod\u00f3w<\/li>\n\n\n\n<li>Demonta\u017c kamer i instalacji<\/li>\n\n\n\n<li>Usuwanie awarii i usterek<\/li>\n\n\n\n<li>Serwis<\/li>\n<\/ul>\n\n\n\n<p class=\"has-medium-font-size\">Us\u0142uga alarmowa i monitoringu obejmuje us\u0142ugi zwi\u0105zane z monitorowaniem obiekt\u00f3w i reagowaniem na sygna\u0142y alarmowe. Dzi\u0119ki systemom alarmowym, kamerom monitoringu i przeszkolonym operatorom monitoringowym mo\u017cna zminimalizowa\u0107 ryzyko kradzie\u017cy, w\u0142ama\u0144 czy innych incydent\u00f3w.<\/p>\n\n\n\n<p class=\"has-medium-font-size\">Us\u0142uga alarmowa polega na ci\u0105g\u0142ym monitorowaniu obiektu za pomoc\u0105 r\u00f3\u017cnych urz\u0105dze\u0144, takich jak czujniki ruchu, kamery czy czujniki dymu. W przypadku wykrycia sygna\u0142u alarmowego, operatorzy monitoringowi natychmiast podejmuj\u0105 odpowiednie dzia\u0142ania, takie jak powiadomienie w\u0142a\u015bciciela obiektu, s\u0142u\u017cb ratunkowych czy ochrony.<\/p>\n\n\n\n<p class=\"has-medium-font-size\">Korzy\u015bci z korzystania z us\u0142ugi alarmowej i monitoringowej to szybka reakcja na potencjalne zagro\u017cenia, zwi\u0119kszone poczucie bezpiecze\u0144stwa oraz ochrona mienia. Dzi\u0119ki monitorowaniu obiektu 24\/7 mo\u017cna r\u00f3wnie\u017c wykry\u0107 potencjalne problemy i zagro\u017cenia na wczesnym etapie, co pozwala zapobiec ewentualnym szkodom.<\/p>\n\n\n\n<p class=\"has-medium-font-size\">Warto wi\u0119c skorzysta\u0107 z us\u0142ugi alarmowej i monitoringu, aby zwi\u0119kszy\u0107 bezpiecze\u0144stwo swojego obiektu oraz mie\u0107 pewno\u015b\u0107, \u017ce w przypadku wyst\u0105pienia jakiegokolwiek incydentu zostanie on szybko wykryty i zareagowany.<\/p>\n","protected":false},"excerpt":{"rendered":"<p>Wykonujemy wszelkiego rodzaju instalacje od podstaw lub modernizujemy oraz dostosowujemy ju\u017c istniej\u0105ce instalacje do aktualnych potrzeb: Us\u0142uga alarmowa i monitoringu<\/p>\n","protected":false},"author":1,"featured_media":0,"parent":0,"menu_order":0,"comment_status":"closed","ping_status":"closed","template":"","meta":{"colormag_page_container_layout":"no_sidebar_full_width","colormag_page_sidebar_layout":"no_sidebar","footnotes":""},"class_list":["post-234","page","type-page","status-publish","hentry"],"_links":{"self":[{"href":"https:\/\/teamprofessional.pl\/teamprofessional\/index.php?rest_route=\/wp\/v2\/pages\/234","targetHints":{"allow":["GET"]}}],"collection":[{"href":"https:\/\/teamprofessional.pl\/teamprofessional\/index.php?rest_route=\/wp\/v2\/pages"}],"about":[{"href":"https:\/\/teamprofessional.pl\/teamprofessional\/index.php?rest_route=\/wp\/v2\/types\/page"}],"author":[{"embeddable":true,"href":"https:\/\/teamprofessional.pl\/teamprofessional\/index.php?rest_route=\/wp\/v2\/users\/1"}],"replies":[{"embeddable":true,"href":"https:\/\/teamprofessional.pl\/teamprofessional\/index.php?rest_route=%2Fwp%2Fv2%2Fcomments&post=234"}],"version-history":[{"count":6,"href":"https:\/\/teamprofessional.pl\/teamprofessional\/index.php?rest_route=\/wp\/v2\/pages\/234\/revisions"}],"predecessor-version":[{"id":548,"href":"https:\/\/teamprofessional.pl\/teamprofessional\/index.php?rest_route=\/wp\/v2\/pages\/234\/revisions\/548"}],"wp:attachment":[{"href":"https:\/\/teamprofessional.pl\/teamprofessional\/index.php?rest_route=%2Fwp%2Fv2%2Fmedia&parent=234"}],"curies":[{"name":"wp","href":"https:\/\/api.w.org\/{rel}","templated":true}]}}