{"id":216,"date":"2023-06-10T14:57:25","date_gmt":"2023-06-10T13:57:25","guid":{"rendered":"https:\/\/teamprofessional.pl\/teamprofessional\/?page_id=216"},"modified":"2023-08-06T15:24:54","modified_gmt":"2023-08-06T14:24:54","slug":"usluga-hydrauliczna-o","status":"publish","type":"page","link":"https:\/\/teamprofessional.pl\/teamprofessional\/?page_id=216","title":{"rendered":"US\u0141UGA HYDRAULICZNA"},"content":{"rendered":"\n<p class=\"has-text-align-center has-medium-font-size\">Instalacje sanitarna to nie tyko instalacja wodna, kanalizacyjna centralnego ogrzewania, lecz obejmuje r\u00f3wnie\u017c inne systemy, z kt\u00f3rych korzystamy na co dzie\u0144 jak instalacje grzewcze, wentylacyjne, gazowe czy klimatyzacyjne.<\/p>\n\n\n\n<p class=\"has-text-align-center has-medium-font-size\">Wykonujemy instalacje sanitarne i hydrauliczne od podstaw lub modernizujemy i dostosowujemy ju\u017c istniej\u0105ce instalacje do aktualnych potrzeb:<\/p>\n\n\n\n<ul class=\"wp-block-list\">\n<li>Monta\u017c i modernizacja instalacji wodnej<\/li>\n\n\n\n<li>Monta\u017c i modernizacja instalacji kanalizacyjnej<\/li>\n\n\n\n<li>Monta\u017c i modernizacja instalacji centralnego ogrzewania C.O.<\/li>\n\n\n\n<li>Monta\u017c i modernizacja instalacji sanitarnych<\/li>\n\n\n\n<li>Bia\u0142y monta\u017c<\/li>\n\n\n\n<li>Monta\u017c i wymiana armatury \u0142azienkowej i kuchennej<\/li>\n\n\n\n<li>Naprawa instalacji hydraulicznej<\/li>\n\n\n\n<li>Modernizacja i przer\u00f3dki instalacji hydraulicznych<\/li>\n\n\n\n<li>Wymiana element\u00f3w w instalacji hydraulicznej<\/li>\n\n\n\n<li>Monta\u017c i wymiana wodomierzy i licznik\u00f3w ogrodowych<\/li>\n\n\n\n<li>Pod\u0142\u0105czanie sprz\u0119tu AGD (pralek, zmywarek itp.)<\/li>\n\n\n\n<li>Usuwanie usterek i awarii w instalacjach sanitarnych<\/li>\n\n\n\n<li>Okresowe przegl\u0105dy instalacji sanitarnej<\/li>\n\n\n\n<li>Udra\u017cnianie i czyszczenie rur kanalizacyjnych<\/li>\n\n\n\n<li>Pr\u00f3ba szczelno\u015bci instalacji wodnej i centralnego ogrzewania<\/li>\n\n\n\n<li>Pogotowie wodno-kanalizacyjne i hydrauliczne 24h\/7 dni<\/li>\n\n\n\n<li>Serwis<\/li>\n\n\n\n<li>\u0179r\u00f3d\u0142a ciep\u0142a (kot\u0142ownie gazowe, kot\u0142y gazowe, podgrzewacze wody)<\/li>\n\n\n\n<li>Instalacje wodne (instalacje wody u\u017cytkowej, przy\u0142\u0105cza wodne, instalacje nawadniania teren\u00f3w zielonych)<\/li>\n\n\n\n<li>Instalacje kanalizacyjne (wewn\u0119trzne instalacje kanalizacyjne, zewn\u0119trzne instalacje kanalizacyjne, instalacje deszczowe, przy\u0142\u0105cza kanalizacyjne)<\/li>\n\n\n\n<li>Instalacje gazowe (instalacje wewn\u0119trzne gazowe na gaz ziemny i propan-butan)<\/li>\n\n\n\n<li>Instalacje grzewcze (ogrzewanie grzejnikowe, ogrzewanie pod\u0142ogowe) instalacje wentylacyjne<\/li>\n\n\n\n<li>Prace konserwacyjne i modernizacyjne instalacji wodno-kanalizacyjnych, gazowych, centralnego ogrzewania<\/li>\n\n\n\n<li>Usuwanie awarii instalacji wodno-kanalizacyjnych, gazowych, centralnego ogrzewania <\/li>\n\n\n\n<li>Monta\u017c armatury sanitarnej<\/li>\n<\/ul>\n","protected":false},"excerpt":{"rendered":"<p>Instalacje sanitarna to nie tyko instalacja wodna, kanalizacyjna centralnego ogrzewania, lecz obejmuje r\u00f3wnie\u017c inne systemy, z kt\u00f3rych korzystamy na co<\/p>\n","protected":false},"author":1,"featured_media":0,"parent":0,"menu_order":0,"comment_status":"closed","ping_status":"closed","template":"","meta":{"colormag_page_container_layout":"no_sidebar_full_width","colormag_page_sidebar_layout":"no_sidebar","footnotes":""},"class_list":["post-216","page","type-page","status-publish","hentry"],"_links":{"self":[{"href":"https:\/\/teamprofessional.pl\/teamprofessional\/index.php?rest_route=\/wp\/v2\/pages\/216","targetHints":{"allow":["GET"]}}],"collection":[{"href":"https:\/\/teamprofessional.pl\/teamprofessional\/index.php?rest_route=\/wp\/v2\/pages"}],"about":[{"href":"https:\/\/teamprofessional.pl\/teamprofessional\/index.php?rest_route=\/wp\/v2\/types\/page"}],"author":[{"embeddable":true,"href":"https:\/\/teamprofessional.pl\/teamprofessional\/index.php?rest_route=\/wp\/v2\/users\/1"}],"replies":[{"embeddable":true,"href":"https:\/\/teamprofessional.pl\/teamprofessional\/index.php?rest_route=%2Fwp%2Fv2%2Fcomments&post=216"}],"version-history":[{"count":3,"href":"https:\/\/teamprofessional.pl\/teamprofessional\/index.php?rest_route=\/wp\/v2\/pages\/216\/revisions"}],"predecessor-version":[{"id":354,"href":"https:\/\/teamprofessional.pl\/teamprofessional\/index.php?rest_route=\/wp\/v2\/pages\/216\/revisions\/354"}],"wp:attachment":[{"href":"https:\/\/teamprofessional.pl\/teamprofessional\/index.php?rest_route=%2Fwp%2Fv2%2Fmedia&parent=216"}],"curies":[{"name":"wp","href":"https:\/\/api.w.org\/{rel}","templated":true}]}}