{"id":148,"date":"2023-04-30T11:42:29","date_gmt":"2023-04-30T10:42:29","guid":{"rendered":"https:\/\/teamprofessional.pl\/teamprofessional\/?page_id=148"},"modified":"2024-11-03T18:41:44","modified_gmt":"2024-11-03T17:41:44","slug":"o-firmie-team-profesional","status":"publish","type":"page","link":"https:\/\/teamprofessional.pl\/teamprofessional\/","title":{"rendered":"O FIRMIE TEAM PROFESIONAL"},"content":{"rendered":"\n<p class=\"has-medium-font-size\">Ide\u0105 za\u0142o\u017cenia firmy by\u0142o \u015bwiadczenie wysokiej jako\u015bci us\u0142ug na obecnym rynku st\u0105d nasze motto: <\/p>\n\n\n\n<p class=\"has-medium-font-size\">Zaufaj profesjonalistom z naszej firmy, my tworzymy us\u0142ugi na najwy\u017cszym poziomie wykonania.<\/p>\n\n\n\n<p class=\"has-medium-font-size\">Do\u015bwiadczenie zdobyte przez 7 lat na dziale utrzymania ruchu w firmach kt\u00f3re \u015bwiadczy\u0142y jako\u015b\u0107 na poziomie premium w takich dziedzinach jak: bran\u017ca budownicza, spo\u017cywcza i drukarska. <\/p>\n\n\n\n<p class=\"has-medium-font-size\">Obecnie taki cel przy\u015bwieca TWAM PROFESSIONAL \u015bwiadczenie us\u0142ug na najwy\u017cszym poziomie wykonania na profesjonalnych narz\u0119dziach z wykorzystaniem najlepszych technologii na rynku.<\/p>\n\n\n\n<p class=\"has-medium-font-size\">Firma \u015bwiadczy us\u0142ugi w bran\u017cy:<\/p>\n\n\n\n<ul class=\"wp-block-list\">\n<li class=\"has-medium-font-size\">Budowlanej ( elektryka, hydraulika, budownictwo, malarstwo )<\/li>\n\n\n\n<li class=\"has-medium-font-size\">Serwisem sprz\u0119tu AGD ( naprawy pogwarancyjne wszelkiego rodzaju sprz\u0119tu AGD )<\/li>\n\n\n\n<li class=\"has-medium-font-size\">Informatycznej ( serwis i naprawa sprz\u0119tu teleinformatycznego, budowa stron internetowych )<\/li>\n\n\n\n<li class=\"has-medium-font-size\">Fotograficzna ( sesje indywidualne, zdj\u0119cia i filmy z obr\u00f3bk\u0105 )<\/li>\n<\/ul>\n\n\n\n<p><\/p>\n\n\n\n<p class=\"has-medium-font-size\">Wykonujemy wszelkiego rodzaju instalacje, od podstaw lub modernizujemy oraz dostosowujemy ju\u017c istniej\u0105ce instalacje do aktualnych potrzeb.<\/p>\n\n\n\n<p class=\"has-medium-font-size\">Nasza firma obs\u0142uguje zar\u00f3wno klient\u00f3w indywidualnych jak i du\u017ce firmy. Wyr\u00f3\u017cnia nas staranno\u015b\u0107 i dba\u0142o\u015b\u0107 o ka\u017cdy szczeg\u00f3\u0142. <\/p>\n\n\n\n<p class=\"has-medium-font-size\">Wsp\u00f3\u0142praca z nami to komfort i gwarantowane zadowolenie z profesjonalnie wykonanej pracy.<\/p>\n\n\n\n<p><\/p>\n","protected":false},"excerpt":{"rendered":"<p>Ide\u0105 za\u0142o\u017cenia firmy by\u0142o \u015bwiadczenie wysokiej jako\u015bci us\u0142ug na obecnym rynku st\u0105d nasze motto: Zaufaj profesjonalistom z naszej firmy, my<\/p>\n","protected":false},"author":1,"featured_media":0,"parent":0,"menu_order":0,"comment_status":"closed","ping_status":"closed","template":"","meta":{"colormag_page_container_layout":"no_sidebar_full_width","colormag_page_sidebar_layout":"no_sidebar","footnotes":""},"class_list":["post-148","page","type-page","status-publish","hentry"],"_links":{"self":[{"href":"https:\/\/teamprofessional.pl\/teamprofessional\/index.php?rest_route=\/wp\/v2\/pages\/148","targetHints":{"allow":["GET"]}}],"collection":[{"href":"https:\/\/teamprofessional.pl\/teamprofessional\/index.php?rest_route=\/wp\/v2\/pages"}],"about":[{"href":"https:\/\/teamprofessional.pl\/teamprofessional\/index.php?rest_route=\/wp\/v2\/types\/page"}],"author":[{"embeddable":true,"href":"https:\/\/teamprofessional.pl\/teamprofessional\/index.php?rest_route=\/wp\/v2\/users\/1"}],"replies":[{"embeddable":true,"href":"https:\/\/teamprofessional.pl\/teamprofessional\/index.php?rest_route=%2Fwp%2Fv2%2Fcomments&post=148"}],"version-history":[{"count":14,"href":"https:\/\/teamprofessional.pl\/teamprofessional\/index.php?rest_route=\/wp\/v2\/pages\/148\/revisions"}],"predecessor-version":[{"id":563,"href":"https:\/\/teamprofessional.pl\/teamprofessional\/index.php?rest_route=\/wp\/v2\/pages\/148\/revisions\/563"}],"wp:attachment":[{"href":"https:\/\/teamprofessional.pl\/teamprofessional\/index.php?rest_route=%2Fwp%2Fv2%2Fmedia&parent=148"}],"curies":[{"name":"wp","href":"https:\/\/api.w.org\/{rel}","templated":true}]}}